 + -2?
-13
(0 - (2 + -2)) + (4 - -5)
9
Calculate -21 + 9 + (21 - 5).
4
Calculate (1 - (-1 + 9)) + -2 + 11 + 2.
4
What is (16 - 20) + (0 - (7 - (0 + 4)))?
-7
Evaluate -2 + (-1 - -1) + -3 + -7 + 19.
7
What is 14 - (22 + -12 + 16) - -40?
28
Evaluate 39 - (-25 + (122 - 34)).
-24
Calculate (14 - -2) + 1 - (9 - -6 - 8).
10
What is -8 + -4 + (23 - (-4 + 2))?
13
-47 - ((-4 - -17) + -35)
-25
Evaluate (-15 - -1) + (643 - 616).
13
What is the value of 23 - 30 - -16 - (0 - -22)?
-13
0 - -6 - (62 - 56)
0
What is the value of (1 - -6 - 7 - -10) + -8 + 21?
23
Calculate (4 - 16) + (29 - 9).
8
Calculate 9 - (-1 - 1 - (89 - 96)).
4
What is the value of 24 + 13 + (9 - 14) + -2?
30
What is the value of (2 - (-1 + 3)) + 0?
0
Calculate 2 + 6 - (52 - 27 - 18).
1
8 + -16 + -9 + 1 + -1 + 6
-11
Evaluate 5 + -20 + 12 - 0.
-3
What is (15 - (26 + -6)) + (-2 + 17 - 0)?
10
Calculate (-6 - -7) + -2 + (5 - 10).
-6
Calculate (15 - 9 - 5) + 4.
5
-9 - 14 - -12 - -29
18
What is the value of (-17 - 6) + (-41 - -36 - (1 - 13))?
-16
What is (-4 - -3 - -5) + 0 + 0 - -13?
17
-5 + 1 - (456 - 479)
19
Calculate 2 + -4 + (3 - (-9 + 2 + 4)).
4
Calculate 5 - ((3 - (9 + -1)) + (-1 - -1)).
10
(-29 - -25 - 5) + (-1 - -28) + -1
17
Calculate -87 + 95 + (0 - 2).
6
1 + (0 - (-2 + 2)) - (765 + -761)
-3
What is (-12 - (-3 + -7)) + (3 + 4 - 5)?
0
-9 - (-4 + (10 - 10))
-5
What is (-26 - (-41 + 7)) + (3 - 5)?
6
10 - (14 + -7 + 13) - (-8 + 2)
-4
What is the value of (-41 + 31 - (-2 + -14)) + -10?
-4
Evaluate -6318 + 6324 - (-1 + (0 - 0 - 9)).
16
Evaluate -13 + -3 - (1 + -10).
-7
What is the value of -1 + 4 + -2 + -1 - (-65 + 78)?
-13
Calculate 8 - (-3 - (-29 - -16)).
-2
What is 1 + -4 + -2 + -2 + 8?
1
What is the value of 2 + (8 - (5 + 5 - 7))?
7
20 + -37 + (17 - -1)
1
Evaluate -11 + -16 + 12 + 17.
2
What is the value of (9 - -4 - (13 + -2) - 14) + -4?
-16
-7 + (38 - 25) + 30
36
What is the value of (-5 - 5 - -7) + (6 - -5)?
8
What is the value of -51 - (18 + (2 - 42))?
-29
Calculate -7 + 8 + -11 - (-35 + 1).
24
What is (3 - (9 + -2)) + 17 + (18 - 39)?
-8
(-23 - (-3 + (-2 - -3))) + -3 + 10
-14
Evaluate -6 + (3 + -2 + 14 - (158 - 154)).
5
13 + 0 + (3 + -1 + 1 - 1)
15
0 - (-2 - (-24 + 16))
-6
(3 - -3) + (2 - 10 - 3) + 1
-4
What is -2 - (-4 - -1) - (-17 - (-24 + 19))?
13
Calculate -24 - (11 + -23) - (6 + 0).
-18
Evaluate -33 - -61 - 28 - (2 + -2 + -1).
1
-73 + (14 - -19) + 31
-9
Calculate 0 + (-5 + 8 + 1 - -5) - 34.
-25
-18 - (10 + -6 + -17 - -2)
-7
Calculate 3816 + -3813 + (1 - (0 - -2)).
2
-8 + (15 + 10 + -27 - (-1 + 3))
-12
What is (16 - (30 - -12)) + 1 + -1?
-26
-15 - (-36 + 23 + -4 + -1)
3
Evaluate -1 + -1 + (-247 - -241) + 3 + 38.
33
6 - (1 + 29) - (-31 - -28)
-21
What is the value of 4 + (11 - -1 - (-53 + 52))?
17
-6 + (-12 - 16 - -8) - -11
-15
What is the value of 13 - 4 - (-6 + 17 - -2)?
-4
2 - (0 - 3) - 3 - (1 + 3)
-2
What is the value of (8 - 7) + (-4 - -2)?
-1
Evaluate -3 + (-21 - -25) + -10.
-9
Evaluate -6 + -1 + (2 - 2) + 10 + 9.
12
What is 3 + (8 - (-11 + 23))?
-1
Calculate 14 + -8 + (-24 - -4).
-14
Calculate 7 + (7 - (2 - -24)).
-12
What is the value of (-9 + 1 - -19) + -10?
1
What is -7 + 1 + 9 + -3 - -6?
6
What is the value of (-8 - -13) + 1 - 35?
-29
What is the value of 1 + 2 + (-3 + -2 - -8 - 3)?
3
6 + (17 - 20 - (1 + 2)) - 9
-9
What is the value of -4 + -11 - (32 + -63)?
16
Calculate -4 + (54 + -19 - -3) - 16.
18
Calculate 30 + -47 - (-53 + 5).
31
Evaluate 0 - (7 + 4 + -1 + -19 + 7).
2
Evaluate -1 - (10 - -30 - 24).
-17
What is the value of -8 + 10 + 75 + -51?
26
What is the value of 75 + -88 + (2 - (-2 + 2))?
-11
What is 47 - (22 + 1) - 6?
18
What is the value of -11 + (9 - (1 - (6 + -9))) + 11?
5
Calculate (0 + (2 - 7) - -11) + 2 + -1.
7
What is the value of (-7 - (-33 - -17)) + (1 - -8)?
18
Evaluate 24 - ((-36 - -32) + 17).
11
Evaluate (11 + -37 - -13) + 3.
-10
What is the value of (9 - ((-4 - -1) + 6)) + (-9 - -18)?
15
What is (-33 - -6 - (5 - 1) - 0) + 6?
-25
What is the value of 12 + -22 + (6 - -13)?
9
Calculate 15 - 2 - (6 + 1 - (-73 + 79)).
12
Evaluate -18 + (0 - 18 - (156 + -213)).
21
What is -1 + (-5 + -12 - -6)?
-12
Evaluate 1 - -1 - (-17 + 22 + -2 + -1).
0
What is the value of 6 + (-8 - (-3 - (-5 - -9)))?
5
47 + -53 - (2 - 1)
-7
What is the value of 0 + -4 - (-15 - (-3 - (8 + -13)))?
13
Calculate 8 - (-8 + 23) - (5 + -4).
-8
What is the value of (-729 - -723) + 11 + -1 + 0?
4
What is the value of -8 - -2 - -1 - (2 + -4) - 1?
-4
What is 6 + 3 + (-15 - -3 - -7)?
4
What is the value of ((-12 - -11) + -2 - -22) + 13?
32
Evaluate 16 + 5 - 10 - (2 - 4 - -6).
7
What is the value of -24 - (-2 + (-3 + 1 - 4) + 5)?
-21
What is the value of 9 - (21 - 13) - 2?
-1
What is the value of 16 + (-45 - (-29 - -16))?
-16
What is the value of 35 + -35 + (0 + -1 - 5)?
-6
What is 3 + -6 + 0 - -4 - 2?
-1
Calculate (-7 - (42 - 86)) + -64.
-27
Evaluate (-5 - -14 - 13 - -7) + -16.
-13
Evaluate -12 + (7 - ((-29 - -31) + (1 - -1))).
-9
Evaluate -21 + 0 + -31 + 67.
15
What is 1 + (-1 - -1) + (-9 - 7) + 33?
18
What is the value of -17 + (1 - (-5 + 5))?
-16
Calculate 20 - (-20 + -28 + 74).
-6
Evaluate -16 - (1 - 2 - 15).
0
Calculate -38 + -4 - (20 - (59 + -24)).
-27
8 + 6 - (1 - -1 - (3 + -5))
10
What is the value of (3 + -30 - (-85 + 64)) + 8 + 0?
2
Evaluate (36 - 29) + -25 - (5 + -2 - -2).
-23
Calculate (274 - 253) + (-19 - -2).
4
What is 4 - (-6 + (-8 - (3 - 5))) - 4?
12
Evaluate -4 - 2 - ((22 - 48) + 20).
0
Evaluate -1 - -21 - (-1 - -9) - 2.
10
What is -23 + (1 - 13) + 153 + -140?
-22
(-6 + -12 - -12) + (7 - -3) - 1
3
Calculate 52 - (-12 - (-13 - 23)).
28
Calculate -9 - (-30 + 1) - (2 + 4).
14
What is the value of -63 - (-8 - (-34 - -69))?
-20
2 + 19 + -14 + (-18 - -4)
-7
Calculate 6 - (15 + (-8 - -2 - (3 + -4))).
-4
11 + (4 + -30 - -14)
-1
Calculate -4 - (5 - (10 - 4)) - (1 + -3).
-1
What is 14 + (-12 - (20 + -34) - -1)?
17
Calculate 36 + 18 + -22 - 19.
13
(222 - 234) + (10 - 2)
-4
What is 6 - (15 + -9 - -11)?
-11
Evaluate -2 - (-2 - 3 - (-14 + 3 - -4)).
-4
Evaluate 23 + 2 + (-9 + 4 - (-18 + 16)).
22
What is the value of 59 - 54 - (20 + 1)?
-16
What is the value of (-3 - -13) + -35 + 11?
-14
What is 33 + -52 + -4 + 7 + 0?
-16
What is 17 + -79 + (31 - -2)?
-29
Calculate (21 - (0 - -18)) + (0 - -3 - -2).
8
7 + (-12 + (1 - 1) - (-37 - -41))
-9
Evaluate -4 + (-16 - -10) + -5.
-15
What is -5 + 0 + 9 + -4?
0
What is (1 - 15) + -193 + 178 + -1?
-30
Evaluate 3 + 1 - (-6 - (9 + -25 - 0)).
-6
What is (48 - (19 - -6)) + -16?
7
What is -2 - -11 - (-1 + -5 + 88 + -78)?
5
Calculate (15 - (14 - -1)) + -7.
-7
-2 + (1 + 3 - 10)
-8
What is (-3 - -12) + 26 + -21?
14
-3 + 7 - (-3 + 1 - -12)
-6
3 + (7 + 12 - 11)
11
What is 0 + (-1 - -2) - (-153 + 144)?
10
Calculate (-8 - -2) + -5 + 3.
-8
Evaluate 11 - ((-7 - -4) + 3 - (0 + 1)).
12
Evaluate 6 + -4 + 14 + -21.
-5
-2 - -3 - (-23 + 11)
13
-10 - (9 + (15 + -7 - 1))
-26
What is 21 + -23 + -1 + (21 - (-2 + 2))?
18
Evaluate -1 + -2 + 188 + -179.
6
What is the value of -13 + -6 + -3 + (27 - 17)?
-12
Calculate -7 + -1 + 4 + -4 + 6.
-2
Calculate (-1 + -1 - (10 - 13)) + (-4 - 1).
-4
What is the value of (1 - (5 + -10)) + -2 - 4?
0
Calculate 14 + 0 - (59 + -73) - (1 - -4).
23
(-1 + -7 - 6) + (-2 - -9) - 4
-11
Calculate 1 + 1 - (-44 + -1 + 58).
-11
Evaluate 4 + (10 - -7) - ((6 - 5) + 2).
18
What is the value of 11 + (-3 - 7 - 1)?
0
What is 10 - (-3 - (0 - -2) - (-19 - -16))?
12
Calculate -16 + (23 - -10) - 5.
12
What is 25 + 2 + -5 + (3 - 10)?
15
Calculate 5 + (-5 - (2 + (4 - (1 - -5)))).
0
(5 + (-10 - -3) - -20) + -13 + 5
10
Evaluate (-1 - 15) + 9 - (1 - 2).
-6
0 + -5 + 0 + (-105 - -105)
-5
15 + (-4 - -14 - 25) + -10 + -1
-11
-1 + 4 - 15 - -16
4
Evaluate (-39 - -47) + (2 + -4 - 7).
-1
Evaluate -1 - (0 - 18 - (-6 - -1 - -3)).
15
(0 - (0 + 1)) + -353 + 360 + -5
1
What is 1 + (12 + -23 - -4)?
-6
Evaluate (40 - -4) + -132 + 110.
22
Calculate (-592 - -582) + (1 - (-11 + -1)) + -19.
-16
What is the value of -14 + 6 + 13 + -20?
-15
118 + -93 + -3 + 1 + (-11 - -3)
15
3 + 3 + -14 + -5 + 3
-10
What is 15 + -33 + 16 + 3?
1
What is 12 + 32 + 8 + -28?
24
Calculate (21 - 1 - 0) + -132 + (224 - 92).
20
-1 - (9 - (-6 + 31))
15
What is the value of -2 + -4 + 26 + -7 - -3 - 6?
10
Evaluate (11 - 2) + (8 - -4) + -14.
7
Evaluate -15 + 10 + 5 + 6 + 5 + -28.
-17
Evaluate 4 + (-17 - -5) - (-1 + -4 + -